 - 4*a + 32. What is the units digit of l?
2
Let j be (2 - 1) + 1 + 0. Let d(p) = 4*p**2 - j*p - 1 + 8*p**3 + 2 - 2*p**2. What is the units digit of d(1)?
9
Suppose -w + 10 + 6 = 0. What is the tens digit of w?
1
Let l = -2 + 5. Suppose 0 = -l*u - 3 + 24. Let x = u - -1. What is the units digit of x?
8
Suppose 4*t - 50 = -t. What is the tens digit of t?
1
Suppose 5*f - 135 = 510. Let g = -73 + f. Suppose k - u = -6*u + 42, g = 3*k + u. What is the units digit of k?
7
Let n = -7 - -35. What is the tens digit of n?
2
Suppose 1 = z + 2. Let l = z + 9. What is the units digit of l?
8
Let k(q) = -140*q + 7. What is the hundreds digit of k(-1)?
1
Let y(z) = -z - 6. Let r be y(-6). Let p(v) = v**3 + 2. Let i be p(r). Suppose 0 = i*b + 4*s - 18, 4*b + 5*s - 16 = 14. What is the units digit of b?
5
Suppose 0 = -5*x - 0*x, -2*x = j - 79. Suppose 3*c - 5*a = 84, -3*c + 2*a = -14 - j. What is the units digit of c?
3
Let h = 231 + -142. What is the units digit of h?
9
Let c(q) = q**3 + 2*q**2 + 3*q + 3. Let w be c(-3). Let t be w*(14/(-10) + 1). Let n = 1 + t. What is the units digit of n?
7
Let t(m) = m**2 - 2*m - 4. Suppose -4*q + 11 + 9 = 0. What is the tens digit of t(q)?
1
Let l = 2 + -3. Let i(v) = -10*v**3 - v**2 - v - 1. What is the units digit of i(l)?
9
Suppose -3*b - 4*h = 47, 3*h = 3*b + 2*h + 67. Let v = -6 - b. Suppose 2*z = v - 3. What is the units digit of z?
6
Suppose 2*v = 30 - 2. Let k = v + -5. Let i = -4 + k. What is the units digit of i?
5
Let q(r) = -r + 3. Let w be q(2). Let a(f) = 17*f - 1. Let i be a(w). Let z = i + -11. What is the units digit of z?
5
Let d be 738/30 - 2/(-5). Suppose 3 = 2*l - d. What is the units digit of l?
4
Let t = 407 - 185. What is the hundreds digit of t?
2
Suppose -2*x = 4*r - 188, 4*r = -2 - 2. What is the units digit of x?
6
Let l(z) = -16*z**3 - 6*z**2 + z - 4. What is the hundreds digit of l(-3)?
3
Let q = -1 + 1. Suppose q = -o + 6*o. Suppose -p - 4 = -5*b, b - 2*p + 4 - 3 = o. What is the units digit of b?
1
Let s = -52 + 8. What is the tens digit of (s/(-20))/((-2)/(-10))?
1
Let a = 460 - 237. What is the tens digit of a?
2
Suppose -3*x - 1 = -3*g + 20, -2*x + 6 = 3*g. Suppose 36 = -g*q + 12. Let a = q - -13. What is the units digit of a?
7
Let u(h) = -47*h + 5. What is the tens digit of u(-5)?
4
Let p = 1 - 0. What is the units digit of 3 + p + 6 + -3?
7
Let i(d) = d**3 + 2*d**2 - d - 1. Let u(f) = 2*f**3 + 2*f**2 - 2*f - 2. Let a(j) = 3*i(j) - 2*u(j). Let q be a(-2). Let w = q - 6. What is the units digit of w?
9
What is the units digit of 1340/(-6)*12/(-10)?
8
Let v(d) = -5 + d**3 - 6*d**2 + 12*d**2 - 5*d - 5*d - 4. What is the tens digit of v(-7)?
1
Let i(p) = -p**2 + 18*p - 9. What is the units digit of i(17)?
8
Suppose -3*t + 12 = 5*q, -t = -q - 4*t. Let r = -11 + 10. Let j = q - r. What is the units digit of j?
4
Suppose 0 = v + v - 92. What is the units digit of v?
6
Suppose -339 = -6*u + 135. What is the units digit of u?
9
Let l be 6/(-4)*(-4)/(-6). Let j be ((-2)/(-2) - 1)/l. Suppose j = -2*b + 4 + 18. What is the tens digit of b?
1
Let o(k) = -k**3 - 6*k**2 - k - 6. Let v be o(-6). Let r = v + 11. What is the units digit of r?
1
Let n be (-21)/(-15) + 3/5. Suppose -n*x - 11 = -3*x. What is the tens digit of x?
1
Let p = 13 + -8. What is the units digit of p?
5
Let u(d) = -d**2 - 2*d + 2. Let o be u(-2). Let p(s) = -7*s + 1. Let b be p(o). Let c = -8 - b. What is the units digit of c?
5
Suppose j + 2*a - 28 = 0, 5*j - a - 88 = 2*a. What is the tens digit of j?
2
Let s = 11 - 6. Suppose s*k = 7*k - 8. Suppose m = -2*x + 10, k*m - 50 = -m - 2*x. What is the tens digit of m?
1
Let o = 14 + -12. What is the tens digit of 51/o - 8/(-16)?
2
Let s(y) = 2*y**2 - 5*y - 3. What is the units digit of s(7)?
0
Let q = 0 - -2. Suppose -q*l + 69 - 13 = 0. What is the tens digit of l?
2
Let i = 27 - 19. Let o be (0 + 0)/(-2 - 0). Suppose o*q = -4*q + i. What is the units digit of q?
2
What is the tens digit of 3*(-23)/(-1) - -1?
7
Suppose -b + 4 = 0, -3*b + 0 = 3*f - 12. Suppose 5*v - 41 - 69 = f. What is the units digit of v?
2
Let g be 9 + (24/(-2))/4. Let r = g + -2. What is the units digit of r?
4
Let n(o) = -7 + 2 - 2*o - 3. Suppose 4*k - 3*y = -12, 4*y + 11 = -5. What is the units digit of n(k)?
4
Let v = 55 - 15. What is the units digit of v?
0
Let t(w) = 2*w - 4*w + 1 + 0*w. Let h be t(-3). Let a = 11 - h. What is the units digit of a?
4
Suppose 0 = -k + 6*k - 680. What is the hundreds digit of k?
1
What is the units digit of ((-2)/(-4))/(5/130)?
3
Let l = -12 - -6. Let k = l + 13. Suppose 4*n = j - 21, -4*n - k = -3*j - 6*n. What is the units digit of j?
5
Let o(b) = 9*b - 9. Let s(w) = 4*w - 4. Let m(h) = -6*o(h) + 14*s(h). Let d be m(-4). Let y(f) = -f**3 - 11*f**2 - 11*f - 3. What is the units digit of y(d)?
7
Let g(n) = 2*n + 1. Suppose 0 = i - 2*i - 5. Let p(z) = -z - 3. Let m be p(i). What is the units digit of g(m)?
5
Let d(i) be the first derivative of -i**2/2 + 2*i - 1. Let f be d(-9). Suppose 5*r - 4*l - 41 = 0, 2*r + 4*l = r - f. What is the units digit of r?
5
Let s be (67 - -2)*10/6. Suppose -5*z - 4*q = -s, 0 = z + z - 3*q - 46. What is the tens digit of z?
2
Let q be 2 + -4 - 5/(-1). Let b be (q + -2)*(-2 - -2). Suppose b = -o + 2. What is the units digit of o?
2
Let p(v) = -19*v - 8. Let h(q) = -9*q - 4. Let r(l) = -13*h(l) + 6*p(l). What is the tens digit of r(6)?
2
Let f = -16 + 9. Let p = -1 - f. Suppose -2*a = -a - p. What is the units digit of a?
6
Let k be 9*(-1)/(-1 - -2). Let n be k/(-45) + (-24)/(-5). Suppose n*x - 35 = -0*x. What is the units digit of x?
7
Let q be 0*(2 - -1)/3. Let f be 8 - (2 - q) - 2. Let b = f - -9. What is the tens digit of b?
1
Let g be (2 + 0)*(-248)/(-16). Let a = -5 + g. What is the tens digit of a?
2
Suppose 50 + 52 = 2*s. What is the units digit of s?
1
Suppose 2*w - 116 = -w + 2*t, -190 = -5*w + 4*t. What is the units digit of w?
2
Let u be -4*(-4 + -2)*1. Suppose i = -i + u. What is the units digit of i?
2
Let c(q) = q**3 + 1. Let y be c(1). Let i = y - -1. What is the units digit of i?
3
Suppose -k - 9 + 36 = 0. What is the tens digit of k?
2
Let q(n) = -n**2 + 8*n - 5. Let w be q(7). Suppose w*i = -3*i + 40. What is the units digit of i?
8
Let d(g) = g**2 + 4*g + 3. Let m(u) = u**2 + 4*u + 2. Let l(z) = 2*d(z) - 3*m(z). What is the units digit of l(-2)?
4
Suppose 4*t + 64 = 72. Let z(s) = s - 2. Let c be z(6). Let a = c + t. What is the units digit of a?
6
Suppose -5*d + 10*d = -5. Let g be (4/(-5))/(d/20). Suppose 5*z - 3*z - g = 0. What is the units digit of z?
8
Let z(n) = -n + 1. Let f be z(-4). Suppose f*i - 12 - 8 = -5*v, 4*i - 8 = 4*v. Suppose -a + 2 = 0, -i*r - a + 5*a = -40. What is the units digit of r?
6
What is the tens digit of (-3816)/(-56) + 1/(-7)?
6
Let i be (-1)/(1 - 2)*3. Suppose -i*t = -2*t - 4. Suppose 1 - 13 = -t*j. What is the units digit of j?
3
Suppose 2*f = 4*d + 192, -2*f + 192 = 4*d - 2*d. Suppose -g - 3*g = -f. Let s = g + -10. What is the units digit of s?
4
Suppose 4 = -j - 3. Let d(a) = -a**2 - 9*a - 6. What is the units digit of d(j)?
8
Let j(z) = -2*z**2 - 2*z. Let r be j(-3). What is the units digit of -1 - r - (-2 - -2)?
1
Suppose -j + 20 = q, -16 = -2*q + 4*j + 12. What is the units digit of q?
8
Suppose 0*j = 4*j - 20. Suppose 0 = j*n - 7 - 8. What is the units digit of n?
3
Let b(y) = -y**3 - 13*y**2 - y - 7. What is the units digit of b(-13)?
6
Let s be 2/(-3) + (-28)/(-6). Let n(d) = 5*d**2 + 2*d + 2 - s*d**2 - d. What is the units digit of n(-2)?
4
What is the tens digit of 2 + 0 - 0 - -15?
1
What is the tens digit of 6*(-2)/(-42) - (-222)/7?
3
Suppose 0 = 3*v + 3*m - 417, -v + 5*m + 725 = 4*v. What is the hundreds digit of v?
1
Let q = 183 + -23. What is the hundreds digit of q?
1
Let b = -3 + 3. Suppose -3*a - 3 = 2*m, -2*m + 3 = a - b. Suppose m*p - 6 = -0. What is the units digit of p?
2
Let g(c) = c**3 - 15*c**2 - 15*c - 16. Let t be g(16). Suppose 6*s + 127 - 403 = t. What is the tens digit of s?
4
Let n(v) = v**3 + 11*v**2 + 11*v + 11. What is the units digit of n(-9)?
4
Let c = 0 + 14. Suppose z + 3*p - c = -4*z, 4*z = -3*p + 10. What is the units digit of z?
4
Suppose -q + 16 = -6. What is the tens digit of q?
2
Suppose -4*n = 5*k - 194, -4*k - n - 73 + 237 = 0. What is the tens di